{"id":30,"date":"2020-05-30T22:29:01","date_gmt":"2020-05-30T20:29:01","guid":{"rendered":"http:\/\/mayermedien.de\/homepage\/"},"modified":"2025-09-29T20:09:41","modified_gmt":"2025-09-29T18:09:41","slug":"aktuelles","status":"publish","type":"page","link":"https:\/\/mayermedien.de\/wordpressKK\/homepage\/","title":{"rendered":"Aktuelles"},"content":{"rendered":"\t\t<div id=\"instagram-gallery-feed-qligg-0\" class=\"instagram-gallery-feed\" data-feed=\"{&quot;id&quot;:&quot;qligg-0&quot;,&quot;account_id&quot;:&quot;9787616754584461&quot;,&quot;layout&quot;:&quot;carousel&quot;,&quot;source&quot;:&quot;username&quot;,&quot;tag&quot;:&quot;wordpress&quot;,&quot;order_by&quot;:&quot;top_media&quot;,&quot;limit&quot;:12,&quot;columns&quot;:3,&quot;spacing&quot;:10,&quot;lazy&quot;:false,&quot;responsive&quot;:{&quot;desktop&quot;:{&quot;columns&quot;:3,&quot;spacing&quot;:10},&quot;tablet&quot;:{&quot;columns&quot;:2,&quot;spacing&quot;:8},&quot;mobile&quot;:{&quot;columns&quot;:1,&quot;spacing&quot;:6},&quot;breakpoints&quot;:{&quot;tablet&quot;:768,&quot;mobile&quot;:480}},&quot;aspect_ratio&quot;:{&quot;width&quot;:1,&quot;height&quot;:1},&quot;highlight&quot;:{&quot;tag&quot;:&quot;&quot;,&quot;id&quot;:&quot;&quot;,&quot;position&quot;:&quot;1,3,5&quot;},&quot;reel&quot;:{&quot;hide&quot;:false},&quot;copyright&quot;:{&quot;hide&quot;:false,&quot;placeholder&quot;:&quot;&quot;},&quot;profile&quot;:{&quot;display&quot;:false,&quot;username&quot;:&quot;&quot;,&quot;nickname&quot;:&quot;&quot;,&quot;website&quot;:&quot;&quot;,&quot;biography&quot;:&quot;&quot;,&quot;link_text&quot;:&quot;Follow&quot;,&quot;website_text&quot;:&quot;Website&quot;,&quot;avatar&quot;:&quot;&quot;},&quot;box&quot;:{&quot;display&quot;:false,&quot;padding&quot;:1,&quot;radius&quot;:0,&quot;background&quot;:&quot;#fefefe&quot;,&quot;profile&quot;:false,&quot;desc&quot;:&quot;&quot;,&quot;text_color&quot;:&quot;#000000&quot;},&quot;mask&quot;:{&quot;display&quot;:true,&quot;background&quot;:&quot;#000000&quot;,&quot;icon_color&quot;:&quot;#ffffff&quot;,&quot;likes_count&quot;:true,&quot;comments_count&quot;:true},&quot;card&quot;:{&quot;display&quot;:false,&quot;radius&quot;:1,&quot;font_size&quot;:12,&quot;background&quot;:&quot;#ffffff&quot;,&quot;background_hover&quot;:&quot;&quot;,&quot;text_color&quot;:&quot;#000000&quot;,&quot;padding&quot;:5,&quot;likes_count&quot;:true,&quot;text_length&quot;:10,&quot;comments_count&quot;:true,&quot;text_align&quot;:&quot;left&quot;},&quot;carousel&quot;:{&quot;centered_slides&quot;:false,&quot;autoplay&quot;:false,&quot;autoplay_interval&quot;:3000,&quot;navarrows&quot;:true,&quot;navarrows_color&quot;:&quot;&quot;,&quot;pagination&quot;:true,&quot;pagination_color&quot;:&quot;&quot;},&quot;modal&quot;:{&quot;display&quot;:true,&quot;profile&quot;:true,&quot;media_description&quot;:true,&quot;likes_count&quot;:true,&quot;comments_count&quot;:true,&quot;comments_list&quot;:false,&quot;text_align&quot;:&quot;left&quot;,&quot;modal_align&quot;:&quot;right&quot;,&quot;text_length&quot;:10000,&quot;font_size&quot;:12},&quot;button&quot;:{&quot;display&quot;:true,&quot;text&quot;:&quot;View on Instagram&quot;,&quot;text_color&quot;:&quot;#ffff&quot;,&quot;background&quot;:&quot;&quot;,&quot;background_hover&quot;:&quot;&quot;},&quot;button_load&quot;:{&quot;display&quot;:false,&quot;text&quot;:&quot;Load more...&quot;,&quot;text_color&quot;:&quot;#ffff&quot;,&quot;background&quot;:&quot;&quot;,&quot;background_hover&quot;:&quot;&quot;}}\">\n\t\t<!-- <FeedContainer\/> -->\n\t\t<\/div>\n\t\t\n\n\n<p>Im Shop findet ihr meine handgemalten und digital weiterverarbeiteten Klappkarten f\u00fcr jeden Anlass und den neuen Postkartenaufstellkalender f\u00fcr 2026. Denkt an eure Lieben &#8211; der Kalender ist ideal als kleines Geschenk zu Weihnachten f\u00fcr Nachbarn, Freunde und Bekannte&#8230; statt Pralinen oder Wein!<\/p>\n\n\n\n<div class=\"wp-block-columns is-layout-flex wp-container-core-columns-is-layout-1 wp-block-columns-is-layout-flex\">\n<div class=\"wp-block-column is-layout-flow wp-block-column-is-layout-flow\">\n<figure class=\"wp-block-gallery has-nested-images columns-default is-cropped wp-block-gallery-1 is-layout-flex wp-block-gallery-is-layout-flex\">\n<figure class=\"wp-block-image size-large\"><img loading=\"lazy\" decoding=\"async\" width=\"1024\" height=\"1024\" src=\"https:\/\/mayermedien.de\/wp-content\/uploads\/2025\/09\/1-2-1024x1024.jpg\" alt=\"\" class=\"wp-image-1089\" srcset=\"https:\/\/mayermedien.de\/wp-content\/uploads\/2025\/09\/1-2-1024x1024.jpg 1024w, https:\/\/mayermedien.de\/wp-content\/uploads\/2025\/09\/1-2-300x300.jpg 300w, https:\/\/mayermedien.de\/wp-content\/uploads\/2025\/09\/1-2-150x150.jpg 150w, https:\/\/mayermedien.de\/wp-content\/uploads\/2025\/09\/1-2-768x768.jpg 768w, https:\/\/mayermedien.de\/wp-content\/uploads\/2025\/09\/1-2-600x600.jpg 600w, https:\/\/mayermedien.de\/wp-content\/uploads\/2025\/09\/1-2-100x100.jpg 100w, https:\/\/mayermedien.de\/wp-content\/uploads\/2025\/09\/1-2-60x60.jpg 60w, https:\/\/mayermedien.de\/wp-content\/uploads\/2025\/09\/1-2-90x90.jpg 90w, https:\/\/mayermedien.de\/wp-content\/uploads\/2025\/09\/1-2.jpg 1500w\" sizes=\"auto, (max-width: 1024px) 100vw, 1024px\" \/><\/figure>\n<\/figure>\n<\/div>\n\n\n\n<div class=\"wp-block-column is-layout-flow wp-block-column-is-layout-flow\"><div data-block-name=\"woocommerce\/featured-product\" data-dim-ratio=\"0\" data-edit-mode=\"false\" data-focal-point=\"{&quot;x&quot;:0.429999999999999993338661852249060757458209991455078125,&quot;y&quot;:0.429999999999999993338661852249060757458209991455078125}\" data-image-fit=\"cover\" data-min-height=\"399\" data-overlay-color=\"#ffffff\" data-product-id=\"1058\" data-show-desc=\"false\" data-show-price=\"false\" data-style=\"{&quot;elements&quot;:{&quot;link&quot;:{&quot;color&quot;:{&quot;text&quot;:&quot;var:preset|color|white&quot;}}}}\" data-text-color=\"white\" class=\"wc-block-featured-product alignnone has-text-color has-white-color wp-elements-44dbf064364579edd24d6803fbc768d7 wp-block-woocommerce-featured-product\" style=\"min-height:399px;\"><div class=\"wc-block-featured-product__wrapper\"><div class=\"background-dim__overlay\" style=\"background-color: #ffffff\"><\/div><img decoding=\"async\" alt=\"Postkartenkalender 2026\" class=\"wc-block-featured-product__background-image\" src=\"https:\/\/mayermedien.de\/wp-content\/uploads\/2025\/09\/photo_2025-09-28_11-08-54-1024x768.jpg\" style=\"object-fit: cover;object-position: 43% 43%;\" \/><h2 class=\"wc-block-featured-product__title\">Postkartenkalender 2026<\/h2><div class=\"wc-block-featured-product__link\">\n\n<div class=\"wp-block-buttons is-vertical is-content-justification-center is-layout-flex wp-container-core-buttons-is-layout-1 wp-block-buttons-is-layout-flex\">\n<div class=\"wp-block-button has-custom-width wp-block-button__width-75 is-style-outline is-style-outline--2\"><a class=\"wp-block-button__link wp-element-button\" href=\"https:\/\/mayermedien.de\/wordpressKK\/homepage\/produkt\/postkartenkalender-2026\/\" style=\"border-radius:10px\">Jetzt einkaufen<\/a><\/div>\n<\/div>\n\n<\/div><\/div><\/div><\/div>\n<\/div>\n\n\n\n<div class=\"wp-block-buttons is-content-justification-left is-layout-flex wp-container-core-buttons-is-layout-2 wp-block-buttons-is-layout-flex\">\n<div class=\"wp-block-button\"><a class=\"wp-block-button__link wp-element-button\" href=\"https:\/\/mayermedien.de\/wordpressKK\/homepage\/shop\/\">Karten entdecken<\/a><\/div>\n<\/div>\n\n\n\n<p class=\"has-white-color has-text-color has-link-color wp-elements-c645e628e62f8fbab9d9726851472d16\"><\/p>\n\n\n\n<p><\/p>\n","protected":false},"excerpt":{"rendered":"<p>Im Shop findet ihr meine handgemalten und digital weiterverarbeiteten Klappkarten f\u00fcr jeden Anlass und den neuen Postkartenaufstellkalender f\u00fcr 2026. Denkt&hellip; <\/p>\n","protected":false},"author":1,"featured_media":0,"parent":0,"menu_order":0,"comment_status":"closed","ping_status":"closed","template":"","meta":{"footnotes":""},"class_list":["post-30","page","type-page","status-publish","hentry"],"aioseo_notices":[],"_links":{"self":[{"href":"https:\/\/mayermedien.de\/wordpressKK\/homepage\/wp-json\/wp\/v2\/pages\/30","targetHints":{"allow":["GET"]}}],"collection":[{"href":"https:\/\/mayermedien.de\/wordpressKK\/homepage\/wp-json\/wp\/v2\/pages"}],"about":[{"href":"https:\/\/mayermedien.de\/wordpressKK\/homepage\/wp-json\/wp\/v2\/types\/page"}],"author":[{"embeddable":true,"href":"https:\/\/mayermedien.de\/wordpressKK\/homepage\/wp-json\/wp\/v2\/users\/1"}],"replies":[{"embeddable":true,"href":"https:\/\/mayermedien.de\/wordpressKK\/homepage\/wp-json\/wp\/v2\/comments?post=30"}],"version-history":[{"count":10,"href":"https:\/\/mayermedien.de\/wordpressKK\/homepage\/wp-json\/wp\/v2\/pages\/30\/revisions"}],"predecessor-version":[{"id":1097,"href":"https:\/\/mayermedien.de\/wordpressKK\/homepage\/wp-json\/wp\/v2\/pages\/30\/revisions\/1097"}],"wp:attachment":[{"href":"https:\/\/mayermedien.de\/wordpressKK\/homepage\/wp-json\/wp\/v2\/media?parent=30"}],"curies":[{"name":"wp","href":"https:\/\/api.w.org\/{rel}","templated":true}]}}